{"id":222,"date":"2024-06-12T18:59:14","date_gmt":"2024-06-12T18:59:14","guid":{"rendered":"https:\/\/www.fonag.org.ec\/web\/?page_id=222"},"modified":"2026-08-31T17:30:57","modified_gmt":"2026-08-31T17:30:57","slug":"plan-estrategico","status":"publish","type":"page","link":"https:\/\/www.fonag.org.ec\/web\/plan-estrategico\/","title":{"rendered":"Plan Estrat\u00e9gico"},"content":{"rendered":"\n<div class=\"et_pb_section_0 et_pb_section et_section_regular et_block_section\"><div class=\"et_pb_row_0 et_pb_row et_pb_equal_columns et_block_row\"><div class=\"et_pb_column_0 et_pb_column et_pb_column_1_2 et_block_column et_pb_css_mix_blend_mode_passthrough\"><div class=\"et_pb_text_0 et_pb_text et_pb_bg_layout_light et_pb_module et_block_module\"><div class=\"et_pb_text_inner\"><h1>FONAG al 2030<\/h1>\n<\/div><\/div><div class=\"et_pb_text_1 et_pb_text et_pb_bg_layout_light et_pb_module et_block_module et_pb_text_align_justified et_pb_text_align_center-tablet et_pb_text_align_center-phone\"><div class=\"et_pb_text_inner\"><p>El Plan Estrat\u00e9gico FONAG 2026-2030 cuenta con tres objetivos, los dos primeros, relacionados directamente con el mandato del FONAG y el tercero, de soporte, que permite el correcto desempe\u00f1o y funcionamiento institucional.<\/p>\n<p>Por cada objetivo existen estrategias soportadas por l\u00edneas de acci\u00f3n que tienen metas claras para un periodo de 5 a\u00f1os.<\/p>\n<\/div><\/div><\/div><div class=\"et_pb_column_1 et_pb_column et_pb_column_1_2 et-last-child et_block_column et_pb_css_mix_blend_mode_passthrough\"><div class=\"et_pb_module et_pb_button_module_wrapper et_pb_button_0_wrapper\"><a class=\"et_pb_button_0 et_pb_button et_pb_bg_layout_light et_pb_module et_block_module\" href=\"https:\/\/www.fonag.org.ec\/web\/wp-content\/uploads\/2026\/01\/POSTER_PLAN-ESTRATEGICO-FONAG-2026-2030.pdf\" target=\"_blank\">Resumen Plan Estrat\u00e9gico 2026- 2030<\/a><\/div><\/div><\/div><\/div>\n","protected":false},"excerpt":{"rendered":"","protected":false},"author":1,"featured_media":0,"parent":0,"menu_order":0,"comment_status":"closed","ping_status":"closed","template":"","meta":{"nf_dc_page":"","_et_pb_use_builder":"on","_et_pb_old_content":"","_et_gb_content_width":"","footnotes":"","_members_access_role":[],"_members_access_error":"","_links_to":"","_links_to_target":""},"class_list":["post-222","page","type-page","status-publish","hentry"],"yoast_head":"<!-- This site is optimized with the Yoast SEO plugin v28.4 - https:\/\/yoast.com\/product\/yoast-seo-wordpress\/ -->\n<title>Plan Estrat\u00e9gico - FONAG<\/title>\n<meta name=\"description\" content=\"El Plan Estrat\u00e9gico 2021 \u2013 2025 cuenta con dos objetivos, relacionados directamente con el mandato del FONAG y de soporte\" \/>\n<meta name=\"robots\" content=\"index, follow, max-snippet:-1, max-image-preview:large, max-video-preview:-1\" \/>\n<link rel=\"canonical\" href=\"https:\/\/www.fonag.org.ec\/web\/plan-estrategico\/\" \/>\n<meta property=\"og:locale\" content=\"es_ES\" \/>\n<meta property=\"og:type\" content=\"article\" \/>\n<meta property=\"og:title\" content=\"Plan Estrat\u00e9gico FONAG\" \/>\n<meta property=\"og:description\" content=\"El Plan Estrat\u00e9gico 2021 \u2013 2025 cuenta con dos objetivos, el primero relacionado directamente con el mandato del FONAG y el segundo, de soporte, que permite el correcto desempe\u00f1o y funcionamiento institucional.\" \/>\n<meta property=\"og:url\" content=\"https:\/\/www.fonag.org.ec\/web\/plan-estrategico\/\" \/>\n<meta property=\"og:site_name\" content=\"FONAG\" \/>\n<meta property=\"article:modified_time\" content=\"2026-08-31T17:30:57+00:00\" \/>\n<meta property=\"og:image\" content=\"https:\/\/www.fonag.org.ec\/web\/wp-content\/uploads\/2024\/07\/FONAG-Favicon.png\" \/>\n\t<meta property=\"og:image:width\" content=\"550\" \/>\n\t<meta property=\"og:image:height\" content=\"550\" \/>\n\t<meta property=\"og:image:type\" content=\"image\/png\" \/>\n<meta name=\"twitter:card\" content=\"summary_large_image\" \/>\n<meta name=\"twitter:title\" content=\"Plan Estrat\u00e9gico FONAG\" \/>\n<meta name=\"twitter:description\" content=\"El Plan Estrat\u00e9gico 2021 \u2013 2025 cuenta con dos objetivos, el primero relacionado directamente con el mandato del FONAG y el segundo, de soporte, que permite el correcto desempe\u00f1o y funcionamiento institucional.\" \/>\n<meta name=\"twitter:image\" content=\"https:\/\/www.fonag.org.ec\/web\/wp-content\/uploads\/2024\/07\/FONAG-Favicon.png\" \/>\n<meta name=\"twitter:label1\" content=\"Tiempo de lectura\" \/>\n\t<meta name=\"twitter:data1\" content=\"1 minuto\" \/>\n<script type=\"application\/ld+json\" class=\"yoast-schema-graph\">{\"@context\":\"https:\\\/\\\/schema.org\",\"@graph\":[{\"@type\":\"WebPage\",\"@id\":\"https:\\\/\\\/www.fonag.org.ec\\\/web\\\/plan-estrategico\\\/\",\"url\":\"https:\\\/\\\/www.fonag.org.ec\\\/web\\\/plan-estrategico\\\/\",\"name\":\"Plan Estrat\u00e9gico - FONAG\",\"isPartOf\":{\"@id\":\"https:\\\/\\\/www.fonag.org.ec\\\/web\\\/#website\"},\"datePublished\":\"2024-06-12T18:59:14+00:00\",\"dateModified\":\"2026-08-31T17:30:57+00:00\",\"description\":\"El Plan Estrat\u00e9gico 2021 \u2013 2025 cuenta con dos objetivos, relacionados directamente con el mandato del FONAG y de soporte\",\"breadcrumb\":{\"@id\":\"https:\\\/\\\/www.fonag.org.ec\\\/web\\\/plan-estrategico\\\/#breadcrumb\"},\"inLanguage\":\"es\",\"potentialAction\":[{\"@type\":\"ReadAction\",\"target\":[\"https:\\\/\\\/www.fonag.org.ec\\\/web\\\/plan-estrategico\\\/\"]}]},{\"@type\":\"BreadcrumbList\",\"@id\":\"https:\\\/\\\/www.fonag.org.ec\\\/web\\\/plan-estrategico\\\/#breadcrumb\",\"itemListElement\":[{\"@type\":\"ListItem\",\"position\":1,\"name\":\"Portada\",\"item\":\"https:\\\/\\\/www.fonag.org.ec\\\/web\\\/\"},{\"@type\":\"ListItem\",\"position\":2,\"name\":\"Plan Estrat\u00e9gico\"}]},{\"@type\":\"WebSite\",\"@id\":\"https:\\\/\\\/www.fonag.org.ec\\\/web\\\/#website\",\"url\":\"https:\\\/\\\/www.fonag.org.ec\\\/web\\\/\",\"name\":\"Fonag\",\"description\":\"Fondo para la protecci\u00f3n del agua\",\"potentialAction\":[{\"@type\":\"SearchAction\",\"target\":{\"@type\":\"EntryPoint\",\"urlTemplate\":\"https:\\\/\\\/www.fonag.org.ec\\\/web\\\/?s={search_term_string}\"},\"query-input\":{\"@type\":\"PropertyValueSpecification\",\"valueRequired\":true,\"valueName\":\"search_term_string\"}}],\"inLanguage\":\"es\"}]}<\/script>\n<!-- \/ Yoast SEO plugin. -->","yoast_head_json":{"title":"Plan Estrat\u00e9gico - FONAG","description":"El Plan Estrat\u00e9gico 2021 \u2013 2025 cuenta con dos objetivos, relacionados directamente con el mandato del FONAG y de soporte","robots":{"index":"index","follow":"follow","max-snippet":"max-snippet:-1","max-image-preview":"max-image-preview:large","max-video-preview":"max-video-preview:-1"},"canonical":"https:\/\/www.fonag.org.ec\/web\/plan-estrategico\/","og_locale":"es_ES","og_type":"article","og_title":"Plan Estrat\u00e9gico FONAG","og_description":"El Plan Estrat\u00e9gico 2021 \u2013 2025 cuenta con dos objetivos, el primero relacionado directamente con el mandato del FONAG y el segundo, de soporte, que permite el correcto desempe\u00f1o y funcionamiento institucional.","og_url":"https:\/\/www.fonag.org.ec\/web\/plan-estrategico\/","og_site_name":"FONAG","article_modified_time":"2026-08-31T17:30:57+00:00","og_image":[{"width":550,"height":550,"url":"https:\/\/www.fonag.org.ec\/web\/wp-content\/uploads\/2024\/07\/FONAG-Favicon.png","type":"image\/png"}],"twitter_card":"summary_large_image","twitter_title":"Plan Estrat\u00e9gico FONAG","twitter_description":"El Plan Estrat\u00e9gico 2021 \u2013 2025 cuenta con dos objetivos, el primero relacionado directamente con el mandato del FONAG y el segundo, de soporte, que permite el correcto desempe\u00f1o y funcionamiento institucional.","twitter_image":"https:\/\/www.fonag.org.ec\/web\/wp-content\/uploads\/2024\/07\/FONAG-Favicon.png","twitter_misc":{"Tiempo de lectura":"1 minuto"},"schema":{"@context":"https:\/\/schema.org","@graph":[{"@type":"WebPage","@id":"https:\/\/www.fonag.org.ec\/web\/plan-estrategico\/","url":"https:\/\/www.fonag.org.ec\/web\/plan-estrategico\/","name":"Plan Estrat\u00e9gico - FONAG","isPartOf":{"@id":"https:\/\/www.fonag.org.ec\/web\/#website"},"datePublished":"2024-06-12T18:59:14+00:00","dateModified":"2026-08-31T17:30:57+00:00","description":"El Plan Estrat\u00e9gico 2021 \u2013 2025 cuenta con dos objetivos, relacionados directamente con el mandato del FONAG y de soporte","breadcrumb":{"@id":"https:\/\/www.fonag.org.ec\/web\/plan-estrategico\/#breadcrumb"},"inLanguage":"es","potentialAction":[{"@type":"ReadAction","target":["https:\/\/www.fonag.org.ec\/web\/plan-estrategico\/"]}]},{"@type":"BreadcrumbList","@id":"https:\/\/www.fonag.org.ec\/web\/plan-estrategico\/#breadcrumb","itemListElement":[{"@type":"ListItem","position":1,"name":"Portada","item":"https:\/\/www.fonag.org.ec\/web\/"},{"@type":"ListItem","position":2,"name":"Plan Estrat\u00e9gico"}]},{"@type":"WebSite","@id":"https:\/\/www.fonag.org.ec\/web\/#website","url":"https:\/\/www.fonag.org.ec\/web\/","name":"Fonag","description":"Fondo para la protecci\u00f3n del agua","potentialAction":[{"@type":"SearchAction","target":{"@type":"EntryPoint","urlTemplate":"https:\/\/www.fonag.org.ec\/web\/?s={search_term_string}"},"query-input":{"@type":"PropertyValueSpecification","valueRequired":true,"valueName":"search_term_string"}}],"inLanguage":"es"}]}},"_links":{"self":[{"href":"https:\/\/www.fonag.org.ec\/web\/wp-json\/wp\/v2\/pages\/222","targetHints":{"allow":["GET"]}}],"collection":[{"href":"https:\/\/www.fonag.org.ec\/web\/wp-json\/wp\/v2\/pages"}],"about":[{"href":"https:\/\/www.fonag.org.ec\/web\/wp-json\/wp\/v2\/types\/page"}],"author":[{"embeddable":true,"href":"https:\/\/www.fonag.org.ec\/web\/wp-json\/wp\/v2\/users\/1"}],"replies":[{"embeddable":true,"href":"https:\/\/www.fonag.org.ec\/web\/wp-json\/wp\/v2\/comments?post=222"}],"version-history":[{"count":5,"href":"https:\/\/www.fonag.org.ec\/web\/wp-json\/wp\/v2\/pages\/222\/revisions"}],"predecessor-version":[{"id":3167,"href":"https:\/\/www.fonag.org.ec\/web\/wp-json\/wp\/v2\/pages\/222\/revisions\/3167"}],"wp:attachment":[{"href":"https:\/\/www.fonag.org.ec\/web\/wp-json\/wp\/v2\/media?parent=222"}],"curies":[{"name":"wp","href":"https:\/\/api.w.org\/{rel}","templated":true}]}}

Plan Estratégico

<div class="et_pb_section_0 et_pb_section et_section_regular et_block_section"><div class="et_pb_row_0 et_pb_row et_pb_equal_columns et_block_row"><div class="et_pb_column_0 et_pb_column et_pb_column_1_2 et_block_column et_pb_css_mix_blend_mode_passthrough"><div class="et_pb_text_0 et_pb_text et_pb_bg_layout_light et_pb_module et_block_module"><div class="et_pb_text_inner"><h1>FONAG al 2030</h1>
</div></div><div class="et_pb_text_1 et_pb_text et_pb_bg_layout_light et_pb_module et_block_module et_pb_text_align_justified et_pb_text_align_center-tablet et_pb_text_align_center-phone"><div class="et_pb_text_inner"><p>El Plan Estratégico FONAG 2026-2030 cuenta con tres objetivos, los dos primeros, relacionados directamente con el mandato del FONAG y el tercero, de soporte, que permite el correcto desempeño y funcionamiento institucional.</p>
<p>Por cada objetivo existen estrategias soportadas por líneas de acción que tienen metas claras para un periodo de 5 años.</p>
</div></div></div><div class="et_pb_column_1 et_pb_column et_pb_column_1_2 et-last-child et_block_column et_pb_css_mix_blend_mode_passthrough"><div class="et_pb_module et_pb_button_module_wrapper et_pb_button_0_wrapper"><a class="et_pb_button_0 et_pb_button et_pb_bg_layout_light et_pb_module et_block_module" href="https://www.fonag.org.ec/web/wp-content/uploads/2026/01/POSTER_PLAN-ESTRATEGICO-FONAG-2026-2030.pdf" target="_blank">Resumen Plan Estratégico 2026- 2030</a></div></div></div></div>

<!-- This site is optimized with the Yoast SEO plugin v28.4 - https://yoast.com/product/yoast-seo-wordpress/ -->
<title>Plan Estratégico - FONAG</title>
<meta name="description" content="El Plan Estratégico 2021 – 2025 cuenta con dos objetivos, relacionados directamente con el mandato del FONAG y de soporte" />
<meta name="robots" content="index, follow, max-snippet:-1, max-image-preview:large, max-video-preview:-1" />
<link rel="canonical" href="https://www.fonag.org.ec/web/plan-estrategico/" />
<meta property="og:locale" content="es_ES" />
<meta property="og:type" content="article" />
<meta property="og:title" content="Plan Estratégico FONAG" />
<meta property="og:description" content="El Plan Estratégico 2021 – 2025 cuenta con dos objetivos, el primero relacionado directamente con el mandato del FONAG y el segundo, de soporte, que permite el correcto desempeño y funcionamiento institucional." />
<meta property="og:url" content="https://www.fonag.org.ec/web/plan-estrategico/" />
<meta property="og:site_name" content="FONAG" />
<meta property="article:modified_time" content="2026-08-31T17:30:57+00:00" />
<meta property="og:image" content="https://www.fonag.org.ec/web/wp-content/uploads/2024/07/FONAG-Favicon.png" />
	<meta property="og:image:width" content="550" />
	<meta property="og:image:height" content="550" />
	<meta property="og:image:type" content="image/png" />
<meta name="twitter:card" content="summary_large_image" />
<meta name="twitter:title" content="Plan Estratégico FONAG" />
<meta name="twitter:description" content="El Plan Estratégico 2021 – 2025 cuenta con dos objetivos, el primero relacionado directamente con el mandato del FONAG y el segundo, de soporte, que permite el correcto desempeño y funcionamiento institucional." />
<meta name="twitter:image" content="https://www.fonag.org.ec/web/wp-content/uploads/2024/07/FONAG-Favicon.png" />
<meta name="twitter:label1" content="Tiempo de lectura" />
	<meta name="twitter:data1" content="1 minuto" />
<script type="application/ld+json" class="yoast-schema-graph">{"@context":"https:\/\/schema.org","@graph":[{"@type":"WebPage","@id":"https:\/\/www.fonag.org.ec\/web\/plan-estrategico\/","url":"https:\/\/www.fonag.org.ec\/web\/plan-estrategico\/","name":"Plan Estratégico - FONAG","isPartOf":{"@id":"https:\/\/www.fonag.org.ec\/web\/#website"},"datePublished":"2024-06-12T18:59:14+00:00","dateModified":"2026-08-31T17:30:57+00:00","description":"El Plan Estratégico 2021 – 2025 cuenta con dos objetivos, relacionados directamente con el mandato del FONAG y de soporte","breadcrumb":{"@id":"https:\/\/www.fonag.org.ec\/web\/plan-estrategico\/#breadcrumb"},"inLanguage":"es","potentialAction":[{"@type":"ReadAction","target":["https:\/\/www.fonag.org.ec\/web\/plan-estrategico\/"]}]},{"@type":"BreadcrumbList","@id":"https:\/\/www.fonag.org.ec\/web\/plan-estrategico\/#breadcrumb","itemListElement":[{"@type":"ListItem","position":1,"name":"Portada","item":"https:\/\/www.fonag.org.ec\/web\/"},{"@type":"ListItem","position":2,"name":"Plan Estratégico"}]},{"@type":"WebSite","@id":"https:\/\/www.fonag.org.ec\/web\/#website","url":"https:\/\/www.fonag.org.ec\/web\/","name":"Fonag","description":"Fondo para la protección del agua","potentialAction":[{"@type":"SearchAction","target":{"@type":"EntryPoint","urlTemplate":"https:\/\/www.fonag.org.ec\/web\/?s={search_term_string}"},"query-input":{"@type":"PropertyValueSpecification","valueRequired":true,"valueName":"search_term_string"}}],"inLanguage":"es"}]}</script>
<!-- / Yoast SEO plugin. -->

Plan Estratégico - FONAG

El Plan Estratégico 2021 – 2025 cuenta con dos objetivos, relacionados directamente con el mandato del FONAG y de soporte

Plan Estratégico FONAG

El Plan Estratégico 2021 – 2025 cuenta con dos objetivos, el primero relacionado directamente con el mandato del FONAG y el segundo, de soporte, que permite el correcto desempeño y funcionamiento institucional.

Fondo para la protección del agua
