{"id":92,"date":"2024-06-10T23:14:01","date_gmt":"2024-06-10T23:14:01","guid":{"rendered":"https:\/\/www.fonag.org.ec\/web\/?page_id=92"},"modified":"2026-08-31T17:30:46","modified_gmt":"2026-08-31T17:30:46","slug":"nosotros","status":"publish","type":"page","link":"https:\/\/www.fonag.org.ec\/web\/nosotros\/","title":{"rendered":"Nosotros"},"content":{"rendered":"\n<div class=\"et_pb_section_0 et_pb_section et_section_regular et_block_section\"><div class=\"et_pb_row_0 et_pb_row et_pb_equal_columns et_block_row\"><div class=\"et_pb_column_0 et_pb_column et_pb_column_1_2 et_block_column et_pb_css_mix_blend_mode_passthrough\"><div class=\"et_pb_text_0 et_pb_text et_pb_bg_layout_light et_animated et_pb_module et_block_module\"><div class=\"et_pb_text_inner\"><h1>Nosotros<\/h1>\n<\/div><\/div><div class=\"et_pb_text_1 et_pb_text et_pb_bg_layout_light et_pb_module et_block_module et_pb_text_align_justified et_pb_text_align_justified-tablet et_pb_text_align_justified-phone\"><div class=\"et_pb_text_inner\"><p>Somos una alianza de personas, instituciones y comunidades comprometidas con la conservaci\u00f3n y restauraci\u00f3n de las fuentes de agua del Distrito Metropolitano de Quito.<\/p>\n<p>La Municipalidad del Distrito Metropolitano de Quito, a trav\u00e9s de su <a href=\"https:\/\/www.aguaquito.gob.ec\/\" target=\"_blank\" rel=\"noopener\">Empresa P\u00fablica de Servicios de Agua Potable y Saneamiento (EPMAPS)<\/a>, y con la colaboraci\u00f3n de la entidad sin fines de lucro <a href=\"https:\/\/www.nature.org\/es-us\/\" target=\"_blank\" rel=\"noopener\">The Nature Conservancy (TNC)<\/a>, dio vida al Fondo para la Protecci\u00f3n del Agua por un periodo de 80 a\u00f1os.<\/p>\n<p>Su fortaleza reside en su metodolog\u00eda de trabajo y en las contribuciones de sus <a href=\"https:\/\/www.fonag.org.ec\/web\/constituyentes\/\" target=\"_blank\" rel=\"noopener\">constituyentes<\/a>, que incluyen a la mayor\u00eda de los grandes usuarios de agua de la zona (agua y electricidad, cervecer\u00eda, agua embotellada, entre otros).<\/p>\n<p>Tambi\u00e9n, en la participaci\u00f3n de diferentes actores comunitarios, autoridades locales, juntas de agua, asociaciones, organizaciones gubernamentales y no gubernamentales; academia y empresas.<\/p>\n<\/div><\/div><\/div><div class=\"et_pb_column_1 et_pb_column et_pb_column_1_2 et-last-child et_block_column et_pb_css_mix_blend_mode_passthrough\"><div class=\"et_pb_image_0 et_pb_image et_pb_module et_block_module\"><span class=\"et_pb_image_wrap\"><img fetchpriority=\"high\" fetchpriority=\"high\" decoding=\"async\" src=\"https:\/\/www.fonag.org.ec\/web\/wp-content\/uploads\/2024\/07\/FONAG-Repositorio-digital-y-geovisor-imagen.webp\" width=\"500\" height=\"600\" srcset=\"https:\/\/www.fonag.org.ec\/web\/wp-content\/uploads\/2024\/07\/FONAG-Repositorio-digital-y-geovisor-imagen.webp 500w, https:\/\/www.fonag.org.ec\/web\/wp-content\/uploads\/2024\/07\/FONAG-Repositorio-digital-y-geovisor-imagen-480x576.webp 480w\" sizes=\"(min-width: 0px) and (max-width: 480px) 480px, (min-width: 481px) 500px, 100vw\" class=\"wp-image-1463\" alt=\"FONAG Repositorio digital y geovisor\" title=\"FONAG Repositorio digital y geovisor imagen\" \/><\/span><\/div><\/div><\/div><\/div><div class=\"et_pb_section_1 et_pb_section et_section_regular et_block_section\"><div class=\"et_pb_row_1 et_pb_row et_block_row et_pb_section_parallax\"><span class=\"et-pb-parallax-wrapper\"><span class=\"et-pb-parallax-background et-pb-parallax-background-module--divi-row-1\" style=\"background-image:url(https:\/\/www.fonag.org.ec\/web\/wp-content\/uploads\/2024\/06\/Nosotros-Fideicomiso-Fondo-Ambiental-para-la-proteccion.webp)\"><\/span><span class=\"et_parallax_gradient\" style=\"background-image:linear-gradient(180deg, rgba(0,0,0,0.6) 0%,rgba(0,0,0,0.6) 100%)\"><\/span><\/span><div class=\"et_pb_column_2 et_pb_column et_pb_column_4_4 et-last-child et_block_column et_pb_css_mix_blend_mode_passthrough\"><div class=\"et_pb_text_2 et_pb_text et_pb_bg_layout_light et_pb_module et_block_module et_pb_text_align_center\"><div class=\"et_pb_text_inner\"><h2>El Fideicomiso Fondo Ambiental para la Protecci\u00f3n del Agua<\/h2>\n<\/div><\/div><div class=\"et_pb_text_3 et_pb_text et_pb_bg_layout_light et_pb_module et_block_module et_pb_text_align_center\"><div class=\"et_pb_text_inner\"><p>Nacimos en el 2000 bajo la figura de fideicomiso mercantil de administraci\u00f3n privada, legalmente denominado \u201cFondo Ambiental para la Protecci\u00f3n del Agua\u201d y contamos con el compromiso y apoyo de nuestros constituyentes.<\/p>\n<p>Nuestro patrimonio, a largo plazo, est\u00e1 formado por aportes mixtos otorgados por nuestros constituyentes originarios y adherentes. Los aportes que realiza cada instituci\u00f3n var\u00edan de acuerdo a los compromisos adquiridos por cada una.<\/p>\n<\/div><\/div><\/div><\/div><div class=\"et_pb_row_2 et_pb_row et_pb_equal_columns et_pb_gutters4 et_block_row\"><div class=\"et_pb_column_3 et_pb_column et_pb_column_1_2 et_block_column et_pb_css_mix_blend_mode_passthrough\"><div class=\"et_pb_text_4 et_pb_text et_pb_bg_layout_light et_pb_module et_block_module\"><div class=\"et_pb_text_inner\"><h2>Nuestra misi\u00f3n<\/h2>\n<\/div><\/div><div class=\"et_pb_text_5 et_pb_text et_pb_bg_layout_light et_pb_module et_block_module et_pb_text_align_justified-tablet et_pb_text_align_justified-phone\"><div class=\"et_pb_text_inner\"><p>Contribuir a la <strong>conservaci\u00f3n, recuperaci\u00f3n y mantenimiento<\/strong> de las <strong>\u00e1reas de inter\u00e9s h\u00eddrico<\/strong> que abastecen al Distrito Metropolitano de<strong> Quito<\/strong>, bajo un enfoque de <strong>equidad social y sostenibilidad<\/strong>.<\/p>\n<\/div><\/div><\/div><div class=\"et_pb_column_4 et_pb_column et_pb_column_1_2 et-last-child et_block_column et_pb_css_mix_blend_mode_passthrough\"><div class=\"et_pb_text_6 et_pb_text et_pb_bg_layout_light et_pb_module et_block_module\"><div class=\"et_pb_text_inner\"><h2>Nuestra visi\u00f3n<\/h2>\n<\/div><\/div><div class=\"et_pb_text_7 et_pb_text et_pb_bg_layout_light et_pb_module et_block_module et_pb_text_align_justified-tablet et_pb_text_align_justified-phone\"><div class=\"et_pb_text_inner\"><p>Al 2030, eI FONAG se consolida como un <strong>modelo inclusivo, resiliente y sostenible <\/strong>en la <strong>conservaci\u00f3n<\/strong> de las \u00e1reas de inter\u00e9s h\u00eddrico, que aporta al fortalecimiento de la<strong> gobernanza del agua<\/strong> para el Distrito Metropolitano de Quito.<\/p>\n<\/div><\/div><\/div><\/div><\/div>\n","protected":false},"excerpt":{"rendered":"","protected":false},"author":1,"featured_media":0,"parent":0,"menu_order":0,"comment_status":"closed","ping_status":"closed","template":"","meta":{"nf_dc_page":"","_et_pb_use_builder":"on","_et_pb_old_content":"","_et_gb_content_width":"","footnotes":"","_members_access_role":[],"_members_access_error":"","_links_to":"","_links_to_target":""},"class_list":["post-92","page","type-page","status-publish","hentry"],"yoast_head":"<!-- This site is optimized with the Yoast SEO plugin v28.4 - https:\/\/yoast.com\/product\/yoast-seo-wordpress\/ -->\n<title>Nosotros - FONAG<\/title>\n<meta name=\"description\" content=\"Nosotros somos una alianza de personas, instituciones y comunidades comprometidas con la conservaci\u00f3n y restauraci\u00f3n de fuentes de agua\" \/>\n<meta name=\"robots\" content=\"index, follow, max-snippet:-1, max-image-preview:large, max-video-preview:-1\" \/>\n<link rel=\"canonical\" href=\"https:\/\/www.fonag.org.ec\/web\/nosotros\/\" \/>\n<meta property=\"og:locale\" content=\"es_ES\" \/>\n<meta property=\"og:type\" content=\"article\" \/>\n<meta property=\"og:title\" content=\"FONAG\" \/>\n<meta property=\"og:description\" content=\"Somos una alianza de personas, instituciones y comunidades comprometidas con la conservaci\u00f3n y restauraci\u00f3n de fuentes de agua\" \/>\n<meta property=\"og:url\" content=\"https:\/\/www.fonag.org.ec\/web\/nosotros\/\" \/>\n<meta property=\"og:site_name\" content=\"FONAG\" \/>\n<meta property=\"article:modified_time\" content=\"2026-08-31T17:30:46+00:00\" \/>\n<meta property=\"og:image\" content=\"https:\/\/www.fonag.org.ec\/web\/wp-content\/uploads\/2024\/07\/FONAG-Favicon.png\" \/>\n\t<meta property=\"og:image:width\" content=\"550\" \/>\n\t<meta property=\"og:image:height\" content=\"550\" \/>\n\t<meta property=\"og:image:type\" content=\"image\/png\" \/>\n<meta name=\"twitter:card\" content=\"summary_large_image\" \/>\n<meta name=\"twitter:title\" content=\"FONAG\" \/>\n<meta name=\"twitter:description\" content=\"Somos una alianza de personas, instituciones y comunidades comprometidas con la conservaci\u00f3n y restauraci\u00f3n de fuentes de agua\" \/>\n<meta name=\"twitter:image\" content=\"https:\/\/www.fonag.org.ec\/web\/wp-content\/uploads\/2024\/07\/FONAG-Favicon.png\" \/>\n<meta name=\"twitter:label1\" content=\"Tiempo de lectura\" \/>\n\t<meta name=\"twitter:data1\" content=\"2 minutos\" \/>\n<script type=\"application\/ld+json\" class=\"yoast-schema-graph\">{\"@context\":\"https:\\\/\\\/schema.org\",\"@graph\":[{\"@type\":[\"WebPage\",\"AboutPage\"],\"@id\":\"https:\\\/\\\/www.fonag.org.ec\\\/web\\\/nosotros\\\/\",\"url\":\"https:\\\/\\\/www.fonag.org.ec\\\/web\\\/nosotros\\\/\",\"name\":\"Nosotros - FONAG\",\"isPartOf\":{\"@id\":\"https:\\\/\\\/www.fonag.org.ec\\\/web\\\/#website\"},\"datePublished\":\"2024-06-10T23:14:01+00:00\",\"dateModified\":\"2026-08-31T17:30:46+00:00\",\"description\":\"Nosotros somos una alianza de personas, instituciones y comunidades comprometidas con la conservaci\u00f3n y restauraci\u00f3n de fuentes de agua\",\"breadcrumb\":{\"@id\":\"https:\\\/\\\/www.fonag.org.ec\\\/web\\\/nosotros\\\/#breadcrumb\"},\"inLanguage\":\"es\",\"potentialAction\":[{\"@type\":\"ReadAction\",\"target\":[\"https:\\\/\\\/www.fonag.org.ec\\\/web\\\/nosotros\\\/\"]}]},{\"@type\":\"BreadcrumbList\",\"@id\":\"https:\\\/\\\/www.fonag.org.ec\\\/web\\\/nosotros\\\/#breadcrumb\",\"itemListElement\":[{\"@type\":\"ListItem\",\"position\":1,\"name\":\"Portada\",\"item\":\"https:\\\/\\\/www.fonag.org.ec\\\/web\\\/\"},{\"@type\":\"ListItem\",\"position\":2,\"name\":\"Nosotros\"}]},{\"@type\":\"WebSite\",\"@id\":\"https:\\\/\\\/www.fonag.org.ec\\\/web\\\/#website\",\"url\":\"https:\\\/\\\/www.fonag.org.ec\\\/web\\\/\",\"name\":\"Fonag\",\"description\":\"Fondo para la protecci\u00f3n del agua\",\"potentialAction\":[{\"@type\":\"SearchAction\",\"target\":{\"@type\":\"EntryPoint\",\"urlTemplate\":\"https:\\\/\\\/www.fonag.org.ec\\\/web\\\/?s={search_term_string}\"},\"query-input\":{\"@type\":\"PropertyValueSpecification\",\"valueRequired\":true,\"valueName\":\"search_term_string\"}}],\"inLanguage\":\"es\"}]}<\/script>\n<!-- \/ Yoast SEO plugin. -->","yoast_head_json":{"title":"Nosotros - FONAG","description":"Nosotros somos una alianza de personas, instituciones y comunidades comprometidas con la conservaci\u00f3n y restauraci\u00f3n de fuentes de agua","robots":{"index":"index","follow":"follow","max-snippet":"max-snippet:-1","max-image-preview":"max-image-preview:large","max-video-preview":"max-video-preview:-1"},"canonical":"https:\/\/www.fonag.org.ec\/web\/nosotros\/","og_locale":"es_ES","og_type":"article","og_title":"FONAG","og_description":"Somos una alianza de personas, instituciones y comunidades comprometidas con la conservaci\u00f3n y restauraci\u00f3n de fuentes de agua","og_url":"https:\/\/www.fonag.org.ec\/web\/nosotros\/","og_site_name":"FONAG","article_modified_time":"2026-08-31T17:30:46+00:00","og_image":[{"width":550,"height":550,"url":"https:\/\/www.fonag.org.ec\/web\/wp-content\/uploads\/2024\/07\/FONAG-Favicon.png","type":"image\/png"}],"twitter_card":"summary_large_image","twitter_title":"FONAG","twitter_description":"Somos una alianza de personas, instituciones y comunidades comprometidas con la conservaci\u00f3n y restauraci\u00f3n de fuentes de agua","twitter_image":"https:\/\/www.fonag.org.ec\/web\/wp-content\/uploads\/2024\/07\/FONAG-Favicon.png","twitter_misc":{"Tiempo de lectura":"2 minutos"},"schema":{"@context":"https:\/\/schema.org","@graph":[{"@type":["WebPage","AboutPage"],"@id":"https:\/\/www.fonag.org.ec\/web\/nosotros\/","url":"https:\/\/www.fonag.org.ec\/web\/nosotros\/","name":"Nosotros - FONAG","isPartOf":{"@id":"https:\/\/www.fonag.org.ec\/web\/#website"},"datePublished":"2024-06-10T23:14:01+00:00","dateModified":"2026-08-31T17:30:46+00:00","description":"Nosotros somos una alianza de personas, instituciones y comunidades comprometidas con la conservaci\u00f3n y restauraci\u00f3n de fuentes de agua","breadcrumb":{"@id":"https:\/\/www.fonag.org.ec\/web\/nosotros\/#breadcrumb"},"inLanguage":"es","potentialAction":[{"@type":"ReadAction","target":["https:\/\/www.fonag.org.ec\/web\/nosotros\/"]}]},{"@type":"BreadcrumbList","@id":"https:\/\/www.fonag.org.ec\/web\/nosotros\/#breadcrumb","itemListElement":[{"@type":"ListItem","position":1,"name":"Portada","item":"https:\/\/www.fonag.org.ec\/web\/"},{"@type":"ListItem","position":2,"name":"Nosotros"}]},{"@type":"WebSite","@id":"https:\/\/www.fonag.org.ec\/web\/#website","url":"https:\/\/www.fonag.org.ec\/web\/","name":"Fonag","description":"Fondo para la protecci\u00f3n del agua","potentialAction":[{"@type":"SearchAction","target":{"@type":"EntryPoint","urlTemplate":"https:\/\/www.fonag.org.ec\/web\/?s={search_term_string}"},"query-input":{"@type":"PropertyValueSpecification","valueRequired":true,"valueName":"search_term_string"}}],"inLanguage":"es"}]}},"_links":{"self":[{"href":"https:\/\/www.fonag.org.ec\/web\/wp-json\/wp\/v2\/pages\/92","targetHints":{"allow":["GET"]}}],"collection":[{"href":"https:\/\/www.fonag.org.ec\/web\/wp-json\/wp\/v2\/pages"}],"about":[{"href":"https:\/\/www.fonag.org.ec\/web\/wp-json\/wp\/v2\/types\/page"}],"author":[{"embeddable":true,"href":"https:\/\/www.fonag.org.ec\/web\/wp-json\/wp\/v2\/users\/1"}],"replies":[{"embeddable":true,"href":"https:\/\/www.fonag.org.ec\/web\/wp-json\/wp\/v2\/comments?post=92"}],"version-history":[{"count":5,"href":"https:\/\/www.fonag.org.ec\/web\/wp-json\/wp\/v2\/pages\/92\/revisions"}],"predecessor-version":[{"id":3161,"href":"https:\/\/www.fonag.org.ec\/web\/wp-json\/wp\/v2\/pages\/92\/revisions\/3161"}],"wp:attachment":[{"href":"https:\/\/www.fonag.org.ec\/web\/wp-json\/wp\/v2\/media?parent=92"}],"curies":[{"name":"wp","href":"https:\/\/api.w.org\/{rel}","templated":true}]}}

<div class="et_pb_section_0 et_pb_section et_section_regular et_block_section"><div class="et_pb_row_0 et_pb_row et_pb_equal_columns et_block_row"><div class="et_pb_column_0 et_pb_column et_pb_column_1_2 et_block_column et_pb_css_mix_blend_mode_passthrough"><div class="et_pb_text_0 et_pb_text et_pb_bg_layout_light et_animated et_pb_module et_block_module"><div class="et_pb_text_inner"><h1>Nosotros</h1>
</div></div><div class="et_pb_text_1 et_pb_text et_pb_bg_layout_light et_pb_module et_block_module et_pb_text_align_justified et_pb_text_align_justified-tablet et_pb_text_align_justified-phone"><div class="et_pb_text_inner"><p>Somos una alianza de personas, instituciones y comunidades comprometidas con la conservación y restauración de las fuentes de agua del Distrito Metropolitano de Quito.</p>
<p>La Municipalidad del Distrito Metropolitano de Quito, a través de su <a href="https://www.aguaquito.gob.ec/" target="_blank" rel="noopener">Empresa Pública de Servicios de Agua Potable y Saneamiento (EPMAPS)</a>, y con la colaboración de la entidad sin fines de lucro <a href="https://www.nature.org/es-us/" target="_blank" rel="noopener">The Nature Conservancy (TNC)</a>, dio vida al Fondo para la Protección del Agua por un periodo de 80 años.</p>
<p>Su fortaleza reside en su metodología de trabajo y en las contribuciones de sus <a href="https://www.fonag.org.ec/web/constituyentes/" target="_blank" rel="noopener">constituyentes</a>, que incluyen a la mayoría de los grandes usuarios de agua de la zona (agua y electricidad, cervecería, agua embotellada, entre otros).</p>
<p>También, en la participación de diferentes actores comunitarios, autoridades locales, juntas de agua, asociaciones, organizaciones gubernamentales y no gubernamentales; academia y empresas.</p>
</div></div></div><div class="et_pb_column_1 et_pb_column et_pb_column_1_2 et-last-child et_block_column et_pb_css_mix_blend_mode_passthrough"><div class="et_pb_image_0 et_pb_image et_pb_module et_block_module"><span class="et_pb_image_wrap"><img fetchpriority="high" fetchpriority="high" decoding="async" src="https://www.fonag.org.ec/web/wp-content/uploads/2024/07/FONAG-Repositorio-digital-y-geovisor-imagen.webp" width="500" height="600" srcset="https://www.fonag.org.ec/web/wp-content/uploads/2024/07/FONAG-Repositorio-digital-y-geovisor-imagen.webp 500w, https://www.fonag.org.ec/web/wp-content/uploads/2024/07/FONAG-Repositorio-digital-y-geovisor-imagen-480x576.webp 480w" sizes="(min-width: 0px) and (max-width: 480px) 480px, (min-width: 481px) 500px, 100vw" class="wp-image-1463" alt="FONAG Repositorio digital y geovisor" title="FONAG Repositorio digital y geovisor imagen" /></span></div></div></div></div><div class="et_pb_section_1 et_pb_section et_section_regular et_block_section"><div class="et_pb_row_1 et_pb_row et_block_row et_pb_section_parallax"><span class="et-pb-parallax-wrapper"><span class="et-pb-parallax-background et-pb-parallax-background-module--divi-row-1" style="background-image:url(https://www.fonag.org.ec/web/wp-content/uploads/2024/06/Nosotros-Fideicomiso-Fondo-Ambiental-para-la-proteccion.webp)"></span><span class="et_parallax_gradient" style="background-image:linear-gradient(180deg, rgba(0,0,0,0.6) 0%,rgba(0,0,0,0.6) 100%)"></span></span><div class="et_pb_column_2 et_pb_column et_pb_column_4_4 et-last-child et_block_column et_pb_css_mix_blend_mode_passthrough"><div class="et_pb_text_2 et_pb_text et_pb_bg_layout_light et_pb_module et_block_module et_pb_text_align_center"><div class="et_pb_text_inner"><h2>El Fideicomiso Fondo Ambiental para la Protección del Agua</h2>
</div></div><div class="et_pb_text_3 et_pb_text et_pb_bg_layout_light et_pb_module et_block_module et_pb_text_align_center"><div class="et_pb_text_inner"><p>Nacimos en el 2000 bajo la figura de fideicomiso mercantil de administración privada, legalmente denominado “Fondo Ambiental para la Protección del Agua” y contamos con el compromiso y apoyo de nuestros constituyentes.</p>
<p>Nuestro patrimonio, a largo plazo, está formado por aportes mixtos otorgados por nuestros constituyentes originarios y adherentes. Los aportes que realiza cada institución varían de acuerdo a los compromisos adquiridos por cada una.</p>
</div></div></div></div><div class="et_pb_row_2 et_pb_row et_pb_equal_columns et_pb_gutters4 et_block_row"><div class="et_pb_column_3 et_pb_column et_pb_column_1_2 et_block_column et_pb_css_mix_blend_mode_passthrough"><div class="et_pb_text_4 et_pb_text et_pb_bg_layout_light et_pb_module et_block_module"><div class="et_pb_text_inner"><h2>Nuestra misión</h2>
</div></div><div class="et_pb_text_5 et_pb_text et_pb_bg_layout_light et_pb_module et_block_module et_pb_text_align_justified-tablet et_pb_text_align_justified-phone"><div class="et_pb_text_inner"><p>Contribuir a la <strong>conservación, recuperación y mantenimiento</strong> de las <strong>áreas de interés hídrico</strong> que abastecen al Distrito Metropolitano de<strong> Quito</strong>, bajo un enfoque de <strong>equidad social y sostenibilidad</strong>.</p>
</div></div></div><div class="et_pb_column_4 et_pb_column et_pb_column_1_2 et-last-child et_block_column et_pb_css_mix_blend_mode_passthrough"><div class="et_pb_text_6 et_pb_text et_pb_bg_layout_light et_pb_module et_block_module"><div class="et_pb_text_inner"><h2>Nuestra visión</h2>
</div></div><div class="et_pb_text_7 et_pb_text et_pb_bg_layout_light et_pb_module et_block_module et_pb_text_align_justified-tablet et_pb_text_align_justified-phone"><div class="et_pb_text_inner"><p>Al 2030, eI FONAG se consolida como un <strong>modelo inclusivo, resiliente y sostenible </strong>en la <strong>conservación</strong> de las áreas de interés hídrico, que aporta al fortalecimiento de la<strong> gobernanza del agua</strong> para el Distrito Metropolitano de Quito.</p>
</div></div></div></div></div>

<!-- This site is optimized with the Yoast SEO plugin v28.4 - https://yoast.com/product/yoast-seo-wordpress/ -->
<title>Nosotros - FONAG</title>
<meta name="description" content="Nosotros somos una alianza de personas, instituciones y comunidades comprometidas con la conservación y restauración de fuentes de agua" />
<meta name="robots" content="index, follow, max-snippet:-1, max-image-preview:large, max-video-preview:-1" />
<link rel="canonical" href="https://www.fonag.org.ec/web/nosotros/" />
<meta property="og:locale" content="es_ES" />
<meta property="og:type" content="article" />
<meta property="og:title" content="FONAG" />
<meta property="og:description" content="Somos una alianza de personas, instituciones y comunidades comprometidas con la conservación y restauración de fuentes de agua" />
<meta property="og:url" content="https://www.fonag.org.ec/web/nosotros/" />
<meta property="og:site_name" content="FONAG" />
<meta property="article:modified_time" content="2026-08-31T17:30:46+00:00" />
<meta property="og:image" content="https://www.fonag.org.ec/web/wp-content/uploads/2024/07/FONAG-Favicon.png" />
	<meta property="og:image:width" content="550" />
	<meta property="og:image:height" content="550" />
	<meta property="og:image:type" content="image/png" />
<meta name="twitter:card" content="summary_large_image" />
<meta name="twitter:title" content="FONAG" />
<meta name="twitter:description" content="Somos una alianza de personas, instituciones y comunidades comprometidas con la conservación y restauración de fuentes de agua" />
<meta name="twitter:image" content="https://www.fonag.org.ec/web/wp-content/uploads/2024/07/FONAG-Favicon.png" />
<meta name="twitter:label1" content="Tiempo de lectura" />
	<meta name="twitter:data1" content="2 minutos" />
<script type="application/ld+json" class="yoast-schema-graph">{"@context":"https:\/\/schema.org","@graph":[{"@type":["WebPage","AboutPage"],"@id":"https:\/\/www.fonag.org.ec\/web\/nosotros\/","url":"https:\/\/www.fonag.org.ec\/web\/nosotros\/","name":"Nosotros - FONAG","isPartOf":{"@id":"https:\/\/www.fonag.org.ec\/web\/#website"},"datePublished":"2024-06-10T23:14:01+00:00","dateModified":"2026-08-31T17:30:46+00:00","description":"Nosotros somos una alianza de personas, instituciones y comunidades comprometidas con la conservación y restauración de fuentes de agua","breadcrumb":{"@id":"https:\/\/www.fonag.org.ec\/web\/nosotros\/#breadcrumb"},"inLanguage":"es","potentialAction":[{"@type":"ReadAction","target":["https:\/\/www.fonag.org.ec\/web\/nosotros\/"]}]},{"@type":"BreadcrumbList","@id":"https:\/\/www.fonag.org.ec\/web\/nosotros\/#breadcrumb","itemListElement":[{"@type":"ListItem","position":1,"name":"Portada","item":"https:\/\/www.fonag.org.ec\/web\/"},{"@type":"ListItem","position":2,"name":"Nosotros"}]},{"@type":"WebSite","@id":"https:\/\/www.fonag.org.ec\/web\/#website","url":"https:\/\/www.fonag.org.ec\/web\/","name":"Fonag","description":"Fondo para la protección del agua","potentialAction":[{"@type":"SearchAction","target":{"@type":"EntryPoint","urlTemplate":"https:\/\/www.fonag.org.ec\/web\/?s={search_term_string}"},"query-input":{"@type":"PropertyValueSpecification","valueRequired":true,"valueName":"search_term_string"}}],"inLanguage":"es"}]}</script>
<!-- / Yoast SEO plugin. -->

Nosotros somos una alianza de personas, instituciones y comunidades comprometidas con la conservación y restauración de fuentes de agua

Somos una alianza de personas, instituciones y comunidades comprometidas con la conservación y restauración de fuentes de agua

Fondo para la protección del agua
